e the second derivative of -x**3/6 - x**2/2 - 2*x. Suppose 6 = -4*t - 6. Is g(t) even?
True
Let h = 1 + -8. Let i(r) = -r**3 - 8*r**2 - 6*r + 2. Let l be i(h). Let x(b) = -b**3 - 6*b**2 - 8*b - 4. Does 11 divide x(l)?
True
Let x(s) = 12*s + 2. Let i be x(1). Suppose 4*r + 5*h - 56 = 0, -5*r + i = -4*r + 3*h. Is 12 a factor of r?
False
Suppose 5*q + 5*u - 102 = 2*u, 3*q - 66 = 3*u. Does 19 divide q?
False
Suppose 5*n + 40 = -4*r, 5*n + 0*n + 25 = -3*r. Let f be 3/r - 228/10. Is f/(-1) + 3/3 a multiple of 15?
False
Suppose 2*k + 36 = 3*m - 74, 4*m = -3*k + 124. Is m a multiple of 11?
False
Suppose 2*i - 2*z = -i + 164, 4*i - z - 217 = 0. Is 17 a factor of i?
False
Let h = -2 - -4. Suppose -3*y + 40 = -y - 4*f, 4*y = -h*f + 30. Is y a multiple of 9?
False
Suppose 0*s - 10 = -5*s. Suppose -5*a + 18 = -4*n + 4, 8 = -s*n + 3*a. Does 7 divide (-30)/(-3) + -1 + n?
False
Suppose -4*w = -2*u + 8, -3*w - 4 = -3*u + 2*u. Suppose 3*k = u*r - 129, -3*r = 4*k - 3*k - 113. Is r a multiple of 17?
False
Let v = 6 + -4. Suppose 2 + v = u. Is u a multiple of 4?
True
Suppose 3*z + 14 = 4*s, -s + 2*z = 4*z - 9. Suppose a - s*y + 25 = 0, -3*a + 5*y - 20 - 5 = 0. Suppose a = -2*v - v + 57. Is v a multiple of 11?
False
Let g be 18/4 + 3/6. Let a be (2/(-2))/(1/g). Let v = -3 - a. Is 2 a factor of v?
True
Suppose 4*y - 4*j = -41 - 47, -17 = y + 4*j. Is 14 a factor of 6/y + (-191)/(-7)?
False
Let l = -7 + 47. Does 11 divide l?
False
Let f(l) = -l**2 - 2*l. Let u be f(2). Is 18/u*(-120)/9 a multiple of 10?
True
Let c(d) = -d**3 + 11*d**2 - 9*d - 6. Does 3 divide c(10)?
False
Suppose 3*w - 49 = -y - 4*y, -5*w + 111 = y. Is 21 a factor of w?
False
Let j(c) = -3*c + 21. Is j(-28) a multiple of 15?
True
Suppose -1380 = 2*t - 14*t. Does 22 divide t?
False
Suppose -4*g - 2*m + 206 = 0, 277 - 76 = 4*g + m. Let v = -23 + g. Is 11 a factor of v?
False
Suppose 5*m = -i + 366, -5*m - 2*i = -0*m - 367. Let u = m - 51. Is 19 a factor of u?
False
Suppose -81 = -3*a - 0*k + 3*k, -3*k + 15 = 0. Does 12 divide a?
False
Let c(q) = -q**3 + 5*q**2 - 3*q + 1. Let o be c(3). Let h(g) = -g**2 + 13*g + 2. Is h(o) a multiple of 12?
False
Suppose 0*l - 4*l = 0. Let x(k) = -k**2 - 8*k - 1. Let y be x(-4). Suppose 3*z = 4*o - 5, l = o + o + z - y. Is 5 a factor of o?
True
Let z = 1 - -2. Let a = -1 + z. Suppose 0 = -a*l + 19 + 9. Does 11 divide l?
False
Let j = -96 - -124. Is j a multiple of 7?
True
Let c(j) = j**2 + 5*j - 9. Let k be c(-7). Suppose -5*v - 4*m + 95 = 0, k*v - 5*m - 94 = 2*v. Is 6 a factor of v?
False
Suppose -x = -5*x - 148. Let o = -38 - -15. Let p = o - x. Is 6 a factor of p?
False
Let i(r) = r - 8. Let z be i(9). Let y(q) = -q**2 - 6*q + 4. Let p be y(-7). Let f = z - p. Is f even?
True
Let u(a) = a**2 - 13*a + 9. Let v be u(12). Let y be 5 + v + (6 - 0). Suppose 0 = h - g - 20, 64 - y = 4*h + 2*g. Is 13 a factor of h?
False
Let q = 56 + -19. Is 9 a factor of q?
False
Suppose -5 + 25 = -4*r, 5*r = -4*a - 5. Let u be a*-1*8/(-20). Suppose -54 = k - u*k. Does 14 divide k?
False
Suppose -19*t + 15*t + 96 = 0. Is t a multiple of 3?
True
Let q(n) = n**2 - 4*n + 3. Let k be q(4). Let a be 1/k + (-310)/(-6). Suppose -2*l - 4*b + a = -0*b, 4*b = 16. Is 9 a factor of l?
True
Suppose 4*n + 55 = 199. Let j be (-4)/(16/12) - -3. Suppose -i - b + 19 = j, 3*i - 5*b - 61 - n = 0. Is i a multiple of 12?
True
Let a(o) = -o**3 + o**2. Let t be a(0). Let b = -6 + t. Does 14 divide (8/b)/((-4)/114)?
False
Let r(w) = 8*w - 7. Let c(m) = 15*m - 14. Let k(y) = 6*c(y) - 11*r(y). Let p be k(5). Suppose 64 = p*v - x, -4*x + 34 + 50 = 5*v. Does 9 divide v?
False
Suppose -12 = -3*h, 5*n - 3*h - 7 = -89. Let q = 16 + n. Is q even?
True
Let k(w) = 7*w**2 + 8*w - 15. Does 6 divide k(4)?
False
Let c be -3 - (-8 + (-3 - -6)). Suppose -c*b = 5*o - 53, 2*b = b - 4*o + 34. Is b a multiple of 9?
False
Suppose 5*k = 8*k - 129. Is k a multiple of 13?
False
Let s = 35 - 22. Is 4 a factor of s?
False
Suppose -5*k = 0, 5*k - 148 = -2*d + 3*k. Is 10 a factor of d/(-5)*(-25)/10?
False
Suppose -5 = -4*t + 3*t. Suppose -2*x = 3*x + t. Is -1 - -50 - x/1 a multiple of 25?
True
Suppose 2*k - 10 = -3*k. Suppose 4*a + k*m - 4 = 0, 0*a - a + 2*m = 4. Suppose a = -2*g + 2, -g = 5*h - 4*g - 142. Is 10 a factor of h?
False
Suppose -2*s + 362 = -4*r, 5*s + r = 3*r + 937. Does 27 divide s?
True
Let g = -5 + 11. Suppose -2 - g = -2*d, -3*u + d = -8. Suppose r - u*z = 28, -4*z = -2*r + 10 + 66. Does 16 divide r?
True
Suppose -h - 52 = -3*h. Suppose 2*f = -0*f + h. Is f a multiple of 5?
False
Let s(x) = -3*x - 1 - 6*x + 5*x - 9*x. Let y be (-2)/3 + 1/(-3). Does 12 divide s(y)?
True
Is ((-38)/8)/(1/(-4)) a multiple of 10?
False
Suppose -4*k + 184 - 32 = -2*n, -3*k + 3*n = -117. Let h be k/(-3) + (-12)/18. Let r = 22 + h. Is 9 a factor of r?
True
Let w(k) = -k**2 - 6*k + 5. Let v be w(-6). Let a(i) = i**2 - 4*i + 3. Is a(v) a multiple of 4?
True
Is 2/12 - 766/(-12) a multiple of 8?
True
Is (-4 - -5)*(0 - -31) a multiple of 7?
False
Let j(z) = z**2 + 2*z - 11. Let x be j(-8). Suppose 2*b = 21 + x. Does 8 divide b?
False
Suppose -x - 4*x = 4*h - 28, -2*h + 3*x = 8. Suppose 3*g + 2*b = -g + 22, g - 3*b - h = 0. Suppose -4*a = -d - 55, -3*a - d + g = -45. Does 15 divide a?
True
Suppose 0 = 2*q - 4*m - 64, -3*q = -4*m + 1 - 101. Is q a multiple of 12?
True
Let m be 6/(-8)*(-1 - -25). Let h be (-23)/(-6) - 3/m. Suppose -h*d + 17 = -43. Is d a multiple of 9?
False
Let o = 131 - 59. Is 8 a factor of o?
True
Suppose -11 = -3*b + 19. Suppose 2*l = b - 0. Suppose -2*v - 3 = -v, 5*v - 25 = -l*q. Does 4 divide q?
True
Let y(i) = 2*i + 102. Does 10 divide y(0)?
False
Suppose -40 = 5*f - 10. Let q(x) = -4*x + 3. Let v be q(f). Suppose 4*p - v = 1. Is 7 a factor of p?
True
Let y(g) = 9*g - 9. Suppose 0 = -4*l - 5*r + 4*r + 28, 3*l = -2*r + 16. Is 21 a factor of y(l)?
True
Let z(s) = s - 4. Let h be z(4). Suppose 2*a + 2*n - 100 = h, -30 = -a + n + 3*n. Is a a multiple of 13?
False
Let s = -28 - -17. Let w = 18 + s. Is 7 a factor of w?
True
Let q(x) = x - 2. Let o = 14 + -7. Does 5 divide q(o)?
True
Suppose -4*r + 462 = 3*r. Is 33 a factor of r?
True
Let n be (-2 + 0)*(-4)/1. Let k be 38/8 - (-2)/n. Suppose 0 = k*l - 2*l - 12. Is 4 a factor of l?
True
Suppose 4*f - 44 = 2*f. Is f a multiple of 10?
False
Suppose -4*a = -22 - 26. Let l be (-4)/(-14) + a/7. Suppose -l = -2*d + 16. Is 4 a factor of d?
False
Suppose 1 = -3*g + 7. Suppose -3*l + 5 = -g*u - 29, -u = 5. Let p = l + 1. Does 9 divide p?
True
Suppose -7 = 2*l + 7. Does 5 divide (-4)/(-14) - 33/l?
True
Suppose 303 + 34 = 5*m + 3*u, m - 5*u = 45. Is m a multiple of 9?
False
Suppose 0 = -5*x, -v - 5*x - 38 = v. Let f = v - -34. Suppose 53 + f = 2*o. Is 17 a factor of o?
True
Let g be (8/3)/(4/(-12)). Let v be (g/(-5))/(6/15). Let d(h) = h**3 - 6*h + 6. Is 18 a factor of d(v)?
False
Suppose 2*l - 7 = -3*d, 4 = 3*d + 2*l + 3*l. Suppose 5*n = d*n + 28. Does 7 divide n?
True
Let t(r) = -r**2 - 14*r - 2. Suppose -h - 3*h - 48 = 0. Is t(h) a multiple of 14?
False
Suppose 6*c - 1202 = 118. Is c a multiple of 11?
True
Let s = -8 - -41. Is s a multiple of 11?
True
Suppose z = -2*c, -5*z - 6*c + 24 = -4*c. Let p be (-3)/((-15)/5) + -37. Is 4 a factor of 2*1 - p/z?
True
Is 4 a factor of 1*(1 + 10 + 4)?
False
Suppose 3*a + a - 348 = 0. Does 25 divide a?
False
Let x(j) = -j**2 + 9*j + 8. Suppose 4*a - 7 = a - b, -5*a + 5*b + 25 = 0. Let l be (3*9)/a + -1. Is 8 a factor of x(l)?
True
Let s = -3 - -199. Is 49 a factor of s?
True
Suppose -30 = -3*k + 48. Suppose -9 - k = -5*b. Does 6 divide b?
False
Let i be 1*5/2*2. Let t = 29 - i. Is t a multiple of 12?
True
Let k(j) = -j**2 - j + 3. Let t be k(-3). Let q(m) = -m + 25. Let w be q(15). Let c = w + t. Is c a multiple of 6?
False
Let y(d) = 2*d**2 - 5*d - 11. Is 4 a factor of y(5)?
False
Let h be 18/(-81) - 212/18. Let m = h - -26. Is m a multiple of 6?
False
Let u be 4/(-24) + (-1)/(-6). Does 9 divide u/(-1) + (47 - 8)?
False
Suppose 0 = 5*t - 35 + 10. Suppose 5*c - r - 3*r - 104 = 0, 116 = t*c - r. Is c a multiple of 12?
True
Let i be ((-27)/(-3))/(-3) + 3. Suppose 3*q - v - 27 = 0, i = 2*q - q + 3*v - 19. Is q a multiple of 5?
True
Does 6 divide 2 - 3 - 376/(-4)?
False
Suppose -5*i + 912 = -2*b, 5*b + 215 = -5*i + 1120. Is 10 a factor of i?
False
Suppose w = -0*